{"id":22,"date":"2012-03-03T20:25:40","date_gmt":"2012-03-03T19:25:40","guid":{"rendered":"http:\/\/wordpress.team-altenholz.de\/?page_id=22"},"modified":"2024-08-31T12:53:50","modified_gmt":"2024-08-31T11:53:50","slug":"uber-uns","status":"publish","type":"page","link":"https:\/\/wordpress.team-altenholz.de\/?page_id=22","title":{"rendered":"\u00dcber uns"},"content":{"rendered":"<h1><strong>Tanzen f\u00fcr alle \u2013 warum nicht auch f\u00fcr Sie?<\/strong><\/h1>\n<p>Tanzen macht Spa\u00df, Tanzen hebt die Lebensfreude, Tanzen sorgt f\u00fcr k\u00f6rperliches und seelisches Gleichgewicht. Deshalb erfreuen sich Tanzkreise immer gr\u00f6\u00dferer Beliebtheit.<br \/>\nWenn Sie auch zu den Menschen z\u00e4hlen, die seit geraumer Zeit mit den S\u00e4tzen leben \u201eMan m\u00fcsste, man sollte, es w\u00e4re gut und \u00fcberhaupt sollte man\u2026\u201c, dann <strong>versuchen<\/strong> Sie es, um sich sportlich zu bet\u00e4tigen, einmal mit dem <strong>Tanzen als Sport<\/strong>.<\/p>\n<p>Unser Trainerehepaar Gerwin und Betty Biedermann waren erfolgreiche Profi-Turniert\u00e4nzer und sind inzwischen Trainer A.<br \/>\nAber nicht nur Turnierpaare sind bei uns gut aufgehoben \u2013 sondern auch allgemein am Tanzen interessierte Paare, die in unseren Tanzkreisen von erfahrenen Trainerinnen und Trainern, welche zudem erfolgreiche Turniert\u00e4nzer sind, in die Geheimnisse des Standard- und Lateintanzens sowie weiterer Modet\u00e4nze eingeweiht werden.<\/p>\n<p>F\u00fcr unsere Kids gibt es eine \u201eHip Hop\u201c Gruppe, in der wir v\u00f6llig unbelastet von den verschiedenen Formen des sportlichen Tanzens spielerisch das Gef\u00fchl f\u00fcr Musik, Takt und Rhythmus vermitteln.<\/p>\n<p>Wie Sie sehen, bieten wir vielf\u00e4ltige M\u00f6glichkeiten an, in einer unserer Gruppen unter fachkundiger Leitung das Tanzen\u00a0 zu erlernen oder zu vervollkommnen.<\/p>\n<p>\u00dcber Ihren Besuch w\u00fcrden wir uns freuen!<\/p>\n","protected":false},"excerpt":{"rendered":"<p>Tanzen f\u00fcr alle \u2013 warum nicht auch f\u00fcr Sie? Tanzen macht Spa\u00df, Tanzen hebt die Lebensfreude, Tanzen sorgt f\u00fcr k\u00f6rperliches und seelisches Gleichgewicht. Deshalb erfreuen sich Tanzkreise immer gr\u00f6\u00dferer Beliebtheit. Wenn Sie auch zu den Menschen z\u00e4hlen, die seit geraumer Zeit mit den S\u00e4tzen leben \u201eMan m\u00fcsste, man sollte, es w\u00e4re gut und \u00fcberhaupt sollte &hellip; <\/p>\n<p><a class=\"more-link btn\" href=\"https:\/\/wordpress.team-altenholz.de\/?page_id=22\">Weiterlesen<\/a><\/p>\n","protected":false},"author":1,"featured_media":0,"parent":0,"menu_order":0,"comment_status":"open","ping_status":"open","template":"","meta":{"footnotes":""},"class_list":["post-22","page","type-page","status-publish","hentry","nodate","item-wrap"],"_links":{"self":[{"href":"https:\/\/wordpress.team-altenholz.de\/index.php?rest_route=\/wp\/v2\/pages\/22","targetHints":{"allow":["GET"]}}],"collection":[{"href":"https:\/\/wordpress.team-altenholz.de\/index.php?rest_route=\/wp\/v2\/pages"}],"about":[{"href":"https:\/\/wordpress.team-altenholz.de\/index.php?rest_route=\/wp\/v2\/types\/page"}],"author":[{"embeddable":true,"href":"https:\/\/wordpress.team-altenholz.de\/index.php?rest_route=\/wp\/v2\/users\/1"}],"replies":[{"embeddable":true,"href":"https:\/\/wordpress.team-altenholz.de\/index.php?rest_route=%2Fwp%2Fv2%2Fcomments&post=22"}],"version-history":[{"count":5,"href":"https:\/\/wordpress.team-altenholz.de\/index.php?rest_route=\/wp\/v2\/pages\/22\/revisions"}],"predecessor-version":[{"id":3375,"href":"https:\/\/wordpress.team-altenholz.de\/index.php?rest_route=\/wp\/v2\/pages\/22\/revisions\/3375"}],"wp:attachment":[{"href":"https:\/\/wordpress.team-altenholz.de\/index.php?rest_route=%2Fwp%2Fv2%2Fmedia&parent=22"}],"curies":[{"name":"wp","href":"https:\/\/api.w.org\/{rel}","templated":true}]}}