{"id":46,"date":"2012-03-03T20:44:11","date_gmt":"2012-03-03T19:44:11","guid":{"rendered":"http:\/\/wordpress.team-altenholz.de\/?page_id=46"},"modified":"2021-10-22T20:43:07","modified_gmt":"2021-10-22T19:43:07","slug":"tanzkurse","status":"publish","type":"page","link":"https:\/\/wordpress.team-altenholz.de\/?page_id=46","title":{"rendered":"Tanzkurse"},"content":{"rendered":"<p>In unregelm\u00e4\u00dfigen Abst\u00e4nden bieten wir Ihnen Tanzkurse in unserem Tanzsaal an, zum Auffrischen oder zum Erlernen von etwas Neuem.<\/p>\n<p>Wenn Sie hier kein konkretes Angebot finden, gerne aber einen Tanzkurs besuchen w\u00fcrden, nehmen Sie Kontakt zu einem unserer Trainerpaare auf und \u00e4u\u00dfern Ihre W\u00fcnsche. Sollten gen\u00fcgend interessierte Paare zusammenkommen, kann ein Tanzkurs f\u00fcr Sie starten.<\/p>\n","protected":false},"excerpt":{"rendered":"<p>In unregelm\u00e4\u00dfigen Abst\u00e4nden bieten wir Ihnen Tanzkurse in unserem Tanzsaal an, zum Auffrischen oder zum Erlernen von etwas Neuem. Wenn Sie hier kein konkretes Angebot finden, gerne aber einen Tanzkurs besuchen w\u00fcrden, nehmen Sie Kontakt zu einem unserer Trainerpaare auf und \u00e4u\u00dfern Ihre W\u00fcnsche. Sollten gen\u00fcgend interessierte Paare zusammenkommen, kann ein Tanzkurs f\u00fcr Sie starten.<\/p>\n","protected":false},"author":1,"featured_media":0,"parent":355,"menu_order":13,"comment_status":"open","ping_status":"open","template":"","meta":{"footnotes":""},"class_list":["post-46","page","type-page","status-publish","hentry","nodate","item-wrap"],"_links":{"self":[{"href":"https:\/\/wordpress.team-altenholz.de\/index.php?rest_route=\/wp\/v2\/pages\/46","targetHints":{"allow":["GET"]}}],"collection":[{"href":"https:\/\/wordpress.team-altenholz.de\/index.php?rest_route=\/wp\/v2\/pages"}],"about":[{"href":"https:\/\/wordpress.team-altenholz.de\/index.php?rest_route=\/wp\/v2\/types\/page"}],"author":[{"embeddable":true,"href":"https:\/\/wordpress.team-altenholz.de\/index.php?rest_route=\/wp\/v2\/users\/1"}],"replies":[{"embeddable":true,"href":"https:\/\/wordpress.team-altenholz.de\/index.php?rest_route=%2Fwp%2Fv2%2Fcomments&post=46"}],"version-history":[{"count":6,"href":"https:\/\/wordpress.team-altenholz.de\/index.php?rest_route=\/wp\/v2\/pages\/46\/revisions"}],"predecessor-version":[{"id":3069,"href":"https:\/\/wordpress.team-altenholz.de\/index.php?rest_route=\/wp\/v2\/pages\/46\/revisions\/3069"}],"up":[{"embeddable":true,"href":"https:\/\/wordpress.team-altenholz.de\/index.php?rest_route=\/wp\/v2\/pages\/355"}],"wp:attachment":[{"href":"https:\/\/wordpress.team-altenholz.de\/index.php?rest_route=%2Fwp%2Fv2%2Fmedia&parent=46"}],"curies":[{"name":"wp","href":"https:\/\/api.w.org\/{rel}","templated":true}]}}